209089 and 344?
43
What is the highest common factor of 4875450 and 14?
2
What is the greatest common factor of 3625 and 17429899?
29
Calculate the highest common factor of 6436300 and 105560.
260
What is the highest common factor of 1252923 and 108318?
21
Calculate the greatest common factor of 2185769 and 4117.
179
Calculate the highest common factor of 23 and 63872311.
23
What is the highest common factor of 16713801 and 5382?
2691
Calculate the greatest common divisor of 4738 and 1359394.
206
What is the highest common divisor of 18130 and 1015035?
245
Calculate the highest common divisor of 18240 and 382919160.
2280
What is the greatest common divisor of 1404860 and 5092?
76
Calculate the greatest common factor of 15936 and 3168.
96
Calculate the greatest common factor of 234181357 and 314.
157
What is the greatest common divisor of 2800 and 1413832?
56
Calculate the greatest common factor of 57463118 and 1022.
146
Calculate the highest common factor of 100748 and 484516.
356
What is the highest common divisor of 36048550 and 100?
50
Calculate the highest common factor of 15625615 and 48410.
515
Calculate the greatest common divisor of 52 and 16928405.
13
Calculate the highest common factor of 409 and 129030502.
409
What is the highest common factor of 4 and 1000939372?
4
What is the greatest common divisor of 5656 and 13211204?
404
What is the highest common divisor of 1043129 and 24791?
1907
Calculate the greatest common divisor of 25686 and 828486.
18
What is the highest common divisor of 70 and 8678530?
70
Calculate the greatest common factor of 350664 and 7752.
456
What is the greatest common factor of 3389724 and 27612?
468
Calculate the greatest common factor of 1087016 and 300988.
188
What is the highest common factor of 82 and 373148?
2
Calculate the greatest common divisor of 208000 and 1124250.
250
What is the greatest common factor of 267 and 164787?
3
What is the greatest common factor of 38 and 464327?
1
What is the highest common factor of 33675 and 235619934?
1347
Calculate the greatest common factor of 2091 and 14128581.
51
Calculate the greatest common factor of 62618073 and 271.
271
Calculate the highest common factor of 10375008 and 1008.
336
Calculate the highest common divisor of 9072 and 2991600.
432
What is the greatest common divisor of 1491022772 and 436?
436
Calculate the greatest common divisor of 116 and 345692.
4
What is the highest common divisor of 309100766 and 5967?
221
What is the highest common divisor of 33712 and 212086?
14
What is the highest common divisor of 210 and 809526?
6
Calculate the greatest common factor of 917576 and 28.
4
Calculate the highest common factor of 23140990 and 1242.
46
What is the highest common divisor of 274 and 73470497?
137
Calculate the greatest common divisor of 5921279 and 1736.
217
What is the greatest common divisor of 1438603 and 226?
113
What is the highest common factor of 1923735 and 132?
33
Calculate the highest common divisor of 26 and 856742666.
26
Calculate the highest common divisor of 789 and 29549628.
789
Calculate the highest common factor of 94255371 and 4655.
931
Calculate the greatest common factor of 80 and 265239320.
40
Calculate the greatest common divisor of 14739040 and 320.
160
What is the highest common factor of 116 and 1724384?
4
Calculate the greatest common factor of 3845314 and 946.
22
What is the highest common divisor of 111220 and 224432?
332
What is the highest common factor of 49 and 161438144?
49
Calculate the highest common divisor of 55625870 and 170.
170
What is the greatest common divisor of 740 and 120563686?
74
Calculate the greatest common factor of 201408255 and 405.
135
Calculate the greatest common divisor of 1568 and 7028560.
784
Calculate the greatest common factor of 18987141 and 28536.
3567
Calculate the greatest common factor of 660 and 3713130.
30
Calculate the highest common factor of 303654 and 167297.
221
Calculate the highest common divisor of 481 and 253561.
37
Calculate the greatest common factor of 1346020381 and 2281.
2281
What is the highest common factor of 430 and 450210?
430
What is the highest common factor of 7621729 and 1819?
17
Calculate the highest common factor of 20 and 196272610.
10
Calculate the greatest common factor of 1126631 and 209.
11
Calculate the greatest common divisor of 31071360 and 180.
60
What is the greatest common divisor of 1062591 and 211734?
3921
What is the highest common divisor of 117983 and 351162?
929
Calculate the greatest common divisor of 10021924 and 17028.
1892
What is the highest common divisor of 83638931 and 3363?
1121
Calculate the highest common divisor of 13381259 and 41451.
337
Calculate the greatest common divisor of 36799407 and 34.
17
Calculate the greatest common factor of 40 and 20014.
2
What is the greatest common divisor of 292359 and 3327?
3
Calculate the greatest common divisor of 505 and 367561321.
101
What is the greatest common divisor of 3549 and 18063227?
1183
What is the greatest common factor of 1225084 and 28?
28
What is the greatest common factor of 17 and 87767209?
17
What is the greatest common divisor of 8939416 and 272?
136
What is the greatest common factor of 7830 and 85482?
54
Calculate the greatest common factor of 329186232 and 30795.
6159
What is the greatest common divisor of 40811775 and 138?
69
What is the highest common factor of 573392 and 2984?
8
What is the highest common divisor of 2051 and 505132?
293
What is the highest common divisor of 11730 and 2982053385?
5865
Calculate the greatest common factor of 1158 and 1594014.
6
Calculate the highest common factor of 5917 and 148552202.
5917
Calculate the greatest common factor of 1857410 and 1754845.
1405
What is the highest common divisor of 2879 and 81397967?
2879
Calculate the greatest common factor of 219165 and 47139.
57
What is the highest common divisor of 74032 and 46192?
16
Calculate the greatest common factor of 3375 and 941328.
27
What is the highest common factor of 564 and 185535696?
564
Calculate the highest common factor of 700 and 203125475.
175
Calculate the highest common factor of 235 and 11876665.
235
What is the highest common divisor of 351216 and 79056?
1296
Calculate the highest common divisor of 17677847 and 17917.
779
Calculate the highest common factor of 189 and 13918506.
21
Calculate the highest common factor of 13440 and 35595.
105
What is the highest common factor of 7101970 and 38573?
2269
Calculate the greatest common divisor of 2646 and 94158018.
54
Calculate the highest common divisor of 927175 and 10.
5
Calculate the highest common factor of 9 and 23561355.
3
Calculate the greatest common factor of 11038549 and 146.
73
What is the greatest common factor of 84 and 53520192?
12
What is the highest common factor of 225078 and 1664418?
966
Calculate the greatest common factor of 996097979 and 74.
37
Calculate the highest common factor of 3712844 and 10948.
92
Calculate the highest common divisor of 6334 and 3854.
2
What is the greatest common divisor of 49056 and 22703?
73
What is the greatest common factor of 22962 and 5160?
258
Calculate the highest common factor of 406901 and 1055912.
781
Calculate the greatest common factor of 2363814 and 48.
6
Calculate the greatest common divisor of 19075 and 121767170.
3815
Calculate the greatest common factor of 3632040 and 435.
15
Calculate the greatest common factor of 24875733 and 2697.
93
What is the greatest common factor of 14047304 and 8?
8
What is the greatest common factor of 18748472 and 1342?
122
Calculate the greatest common factor of 12490637 and 327.
109
What is the highest common factor of 684531 and 3130?
313
Calculate the greatest common factor of 90041580 and 360.
180
Calculate the highest common factor of 57750 and 160974000.
8250
Calculate the greatest common factor of 14685886 and 10742.
262
What is the highest common factor of 160 and 228176784?
16
What is the greatest common divisor of 118177 and 94931?
59
Calculate the highest common divisor of 100064 and 3760.
16
Calculate the highest common factor of 14315469 and 21.
21
What is the greatest common divisor of 14658759 and 1002?
501
Calculate the greatest common divisor of 146120733 and 9768.
1221
Calculate the highest common fact